 third derivative of -l**4/6 - l**3/6 + 2*l**2. Let m be u(-1). Suppose j + m = 2*j. What are the prime factors of j?
3
Let s = 14 - -6. List the prime factors of ((-132)/s)/((-1)/5).
3, 11
Suppose 0 = -3*w + 129 - 3. Suppose 0 = -4*v + 6*v - w. List the prime factors of v.
3, 7
Suppose -3*p = 2*s + 2*s - 129, p = -2*s + 65. Let o = s - 23. List the prime factors of o.
2, 5
Let h(c) = c**3 + 13*c**2 + 9*c - 3. What are the prime factors of h(-6)?
3, 5, 13
Let a(l) = l**3 - 8*l**2 + 10*l - 8. Suppose 3*w - 5*s = 47, 51 = w + 3*w + 5*s. Let f = -7 + w. List the prime factors of a(f).
13
Let f(m) = m + 2*m + 4 - m - 4*m + 2*m**2. Let t be f(4). Suppose 0 = -2*v - 2 + t. What are the prime factors of v?
13
Let d be (-112)/(-20)*5/2. Let k = -8 + d. What are the prime factors of k?
2, 3
Let u be 0*3/9 + 18. Suppose u = -0*g + 3*g. Suppose 0 = -3*l + 42 - g. What are the prime factors of l?
2, 3
Suppose -5*j = -2*y - 3*y + 45, 5*j + 20 = 0. Suppose -y*v + 86 = -14. List the prime factors of v.
2, 5
Let q(z) = 3*z - 6. Let r(b) = -13*b + 25. Let d(h) = -18*q(h) - 4*r(h). Let t(s) = -5*s + 15. Let m(x) = 7*d(x) - 3*t(x). What are the prime factors of m(-8)?
3
Suppose 4*x + 2 = 2*y - 32, 3 = -3*y. Let d = 7 - x. What are the prime factors of d?
2
Suppose 0 = 5*c - q - 1420, 3*c - 2*c - 275 = 2*q. List the prime factors of c.
3, 5, 19
Let f = -20 + 53. What are the prime factors of f?
3, 11
Let y = -89 - -142. List the prime factors of y.
53
Let t be (68*-2)/(-4) - -1. List the prime factors of t/(-14)*(-1 - 1).
5
Let l = -36 - -59. What are the prime factors of l?
23
Suppose -21 - 71 = -2*y. Let q = y - 17. List the prime factors of q.
29
Suppose 0 = 2*m - 174 + 48. What are the prime factors of m?
3, 7
Let n be 4/(-14) + (-2)/(-7). Suppose n = -2*d + 5 + 1. List the prime factors of d.
3
Suppose -8*x = -441 - 39. What are the prime factors of x?
2, 3, 5
Suppose 3*o + 1 = k, -5*k - 4 = -2*o + 4. Let n(t) = -16*t + 1. Let l be n(o). Let v = l - 10. List the prime factors of v.
7
Let v(y) = 6*y**3 + y. Let r be 2/(-2) + (-1 - -3). What are the prime factors of v(r)?
7
What are the prime factors of 3744/45 + 1/((-10)/(-8))?
2, 3, 7
Let c = -82 + 58. Let m = 0 - c. Suppose -m = 2*p - 5*p. List the prime factors of p.
2
Suppose 5*g - 143 + 51 = -3*s, -s + 38 = -2*g. List the prime factors of s.
2, 17
Let l = 179 - 10. List the prime factors of l.
13
Let z(p) = -p**2 + 2*p. Let f be z(3). What are the prime factors of (f - 0) + (2 - -10)?
3
Let o be 1/(84/27 - 3). Let z = o + 2. List the prime factors of z.
11
Let k(u) = -u**3 - 11*u**2 - 13. Let y be k(-11). Let q be (-4)/(-10) - y/5. List the prime factors of -2 + 7 - (0 - q).
2
Let s = -14 - -11. List the prime factors of (s - 3)/((-6)/20).
2, 5
Suppose -11*y = -7*y. Suppose n + 0 - 2 = y. What are the prime factors of n?
2
Let r = 4 - 2. Suppose 3*p - 17 = -2*q, 2*p - r = 3*q + 18. What are the prime factors of p?
7
Let b(w) be the second derivative of -2/3*w**3 + 0 + w + 0*w**2. List the prime factors of b(-2).
2
Let f = -6 + 9. Suppose f*m + 0*m - 9 = 0. List the prime factors of m.
3
Let t be 38/7 - 3/7. Suppose t*c - 4*d - 39 = 0, -3*c = -2*d + 8 - 31. Let f = c - -7. What are the prime factors of f?
2, 7
Suppose 2*z - 50 = 20. List the prime factors of z.
5, 7
Let q = -82 - -164. What are the prime factors of q?
2, 41
Suppose 30 + 28 = 2*h. What are the prime factors of h?
29
Let f(a) = 7*a + 4. Let l(w) = 14*w + 7. Let k be (2/6)/((-1)/(-12)). Let s(m) = k*l(m) - 7*f(m). What are the prime factors of s(2)?
2, 7
Let v be (-2)/(-8) - (-590)/8. Suppose -v = -5*g - n, 4*g - 64 + 7 = -3*n. Suppose 0 = -4*o + 2*l + 3 + 27, 5*o - g = -5*l. What are the prime factors of o?
2, 3
Let d = 12 - 4. Suppose c - d = -3*c. Suppose -12 = -3*a + g, -5*a + c*g = g - 20. What are the prime factors of a?
2
Let x(b) = b**3 + 0*b**2 - b**2 + 10 + 2*b + 8*b**2. Let q be x(-7). Let j = 16 + q. List the prime factors of j.
2, 3
Suppose 22 = 5*k - 178. What are the prime factors of k?
2, 5
Let t be 2/2 + 1 - 7. Let h = t + 7. Suppose h*n - 18 + 4 = 0. List the prime factors of n.
7
Suppose -10 = -5*w - 0*w. Let p be (-1)/(-2)*5*w. Let a(q) = -q**3 + 6*q**2 - 4*q + 6. List the prime factors of a(p).
11
Let c(t) = -10*t - 3. List the prime factors of c(-3).
3
Suppose 0 = x + 2*g + 36, -2*g + 68 = -x + 16. Let h be (-8)/x - 284/(-11). What are the prime factors of (-1 - 1) + h/2?
11
Let c be (-2 + 2/(-4))*2. What are the prime factors of 2/5 - 13/c?
3
Let x = 18 - 17. List the prime factors of 51/(4 - x) - -3.
2, 5
Let s(t) = -t**3 - t**2 + 2*t + 2. Let d be s(-2). Suppose 0 = d*k + 2*k + 28. Let o = 25 + k. What are the prime factors of o?
2, 3
Suppose -5*g + 32 = -3. List the prime factors of g.
7
Let z(i) = i**2 + i - 2. Let o be z(2). Suppose f + o*f = 85. List the prime factors of f.
17
Let z be 4/10 + 2/(-5). Suppose -3*v = -z*v. Suppose -4*d + 40 = -v. List the prime factors of d.
2, 5
Let w = 14 - 6. Suppose 6*j - w*j - 10 = 0. List the prime factors of (j - 0) + 2 - -22.
19
Let w(y) = y - 5. Let t be w(8). Suppose -8*d + t*d + 10 = 0. Suppose 0 = -d*h + 5*h - 6. List the prime factors of h.
2
Let o(x) = -x**2 - 5*x + 3. Let t be o(-4). Suppose -2*b + t*b + 5 = 0, 0 = 5*y - b - 16. List the prime factors of y.
3
Suppose 7*s - 5*s = -18. What are the prime factors of 3/s + (-174)/(-9)?
19
Suppose -6*b + 14 = 2. Suppose 0*k + b*k = 3*w + 100, 3*k + 3*w - 165 = 0. List the prime factors of k.
53
Suppose -930 = -q - 9*q. List the prime factors of q.
3, 31
Let y(k) = 25*k - 16. What are the prime factors of y(4)?
2, 3, 7
Let p = -3 - -3. Suppose 2*v - v - 9 = p. List the prime factors of 4/(-3)*v/(-6).
2
Suppose -5*i + 7 = -3. What are the prime factors of i?
2
Suppose 4*f = -3*j - 7, -2*j + 0*f + 18 = -3*f. Suppose y - 73 = -2*m, 3*m - 120 + 3 = -3*y. Suppose -j*r = -r - m. What are the prime factors of r?
17
Let b(z) = z**2 + 8*z + 4. Let c be b(-8). Suppose 3*k = -3, -2*n + 5*n - c = -2*k. Let s(u) = u**3 - 2*u**2 + 3*u - 1. List the prime factors of s(n).
5
Let t = 46 + -26. Suppose -4*b + 3*w = -32 - 8, 0 = -2*b + 5*w + t. What are the prime factors of b?
2, 5
Suppose 3*y + 51 = 135. Suppose d - 9 = -2*j, 3*d + j + y = 5*d. List the prime factors of d.
13
Let b(k) = -10*k - 28. What are the prime factors of b(-18)?
2, 19
Let g = -1 - 0. Let k = g + 8. Let x = 28 - k. What are the prime factors of x?
3, 7
Let h be (8 + (3 - 1))*4. Let w(x) = 4*x - 20. Let c be w(12). Let y = h - c. List the prime factors of y.
2, 3
Suppose 3*j = 2*r + 2*r + 200, -j = -5*r - 85. List the prime factors of j.
2, 3, 5
Suppose 5*n - c - 570 = 0, -2*n - 2*c + 243 = 27. What are the prime factors of n?
113
Suppose -z + 89 = -96. What are the prime factors of z?
5, 37
List the prime factors of (11 + -25)*14/(-4).
7
Let n = 0 + 0. Suppose n = -3*l - l + 36. What are the prime factors of l?
3
Let w be ((-2)/(-4))/((-2)/(-24)). Suppose -4*l = -8, 0 = -2*v - 5*l + 6 + w. List the prime factors of -1 - 0 - (v - 6).
2
List the prime factors of ((-7)/(-3))/(1 - (-116)/(-120)).
2, 5, 7
Let o be -3 + 2 - 2*1. Let j be 1*o*5/(-15). List the prime factors of 4 - (0 - j) - 1.
2
Suppose 0 = -0*c + c + 1, -m + 4*c = -255. List the prime factors of m.
251
Let d be 78/9*(-6)/4. Let x = d + 3. Let n(z) = z**2 + 9*z + 6. List the prime factors of n(x).
2
Let o(b) = b**3 - 4*b**2 - 3*b - 7. List the prime factors of o(5).
3
Suppose 3*x + 2*l = 4*x - 5, 3*x - 3*l - 9 = 0. Let s be x/2*10 - 3. Suppose 10 = -2*y, -3*b + 3*y = -s*b - 20. List the prime factors of b.
5
Let x = 46 - 25. List the prime factors of x.
3, 7
Suppose -5*r + 20 = 0, 3*x - 2*r - 2*r = -28. What are the prime factors of x*1/(-2) + 16?
2, 3
Let z(d) = -7*d - 1. Let c be (-24)/10 - 4/(-10). Let n be z(c). Suppose 0 = -4*m - 5 + n. What are the prime factors of m?
2
Let y(a) = -a**2 - 3*a + 2. Let z be y(-2). Suppose 0*l + 2*x = -z*l + 28, 2*x - 21 = -3*l. List the prime factors of l.
7
Let s(f) = f**3 - 13*f**2 - 13*f - 13. Let p be s(14). Suppose 45 = 2*c + p. List the prime factors of c.
2, 11
Suppose 2*g + 23 = -v, -3*v + 4*g - 2*g - 77 = 0. Let q = -17 - v. What are the prime factors of q?
2
Let u(r) = -3*r + 5. Suppose 0 = 3*s - 2 - 4. Suppose 3*k + s*w + 22 = 0, 8*k + 45 = 3*k - 5*w. Wh